site?
True
Let f = 4492 + -6401. Let x = 2706 + f. Is x a composite number?
False
Is (-3 + -1 - -3) + 809638 + -86 a prime number?
False
Suppose -6*m + 122916 = 6*m. Is m a prime number?
True
Let u = -517472 + 1337181. Suppose 0 = 44*x - x - u. Is x composite?
True
Suppose -4*p + 2*f = -1833718, -2*f + 1180254 = 4*p - 653460. Is p a prime number?
False
Let j(a) = a**3 - 116*a**2 + 222*a + 688. Let w be j(114). Let x(g) = -g + 1. Let u(o) = -11*o**2 - o - 2. Let m(r) = -u(r) - 3*x(r). Is m(w) a prime number?
True
Suppose -13*v = 1172 + 1454. Let g = 187 - v. Is g a prime number?
True
Suppose -14 = m + 2*o, -4*m - 31 = 5*o - 2*o. Let c be (m/12 + 1)/(4/18). Suppose 0 = c*a - 311 - 367. Is a a composite number?
True
Let c be 114*1*(21/(-6))/7. Let g = c - -61. Suppose -2*j - 10 = 0, 5*q - 2*j = -g*j + 1605. Is q a composite number?
True
Suppose -2*c = -5*x + 6512, 0*c + 3*c - 12 = 0. Suppose 20*u - 2628 = 4*l + 24*u, 2*u = 0. Let q = x + l. Is q a prime number?
True
Is (3 + 10 + (-182)/7)*24322/(-2) composite?
True
Suppose 4*j + 5*p + 5 = 0, 6*p + 30 = 4*j + 4*p. Let t(s) = 136*s**3 + 14*s**2 - 47*s + 8. Is t(j) a composite number?
False
Let j(s) = -s**3 - 6*s**2 + 11*s + 2. Let a be j(-7). Let h = a - -34. Is -2*(-12)/h + 18 a composite number?
True
Let x(h) = h**3 - 10*h**2 - 13*h - 19. Let q(r) = 4*r**2 + 0*r**2 - 2*r - 2*r**2 + 0*r. Let w be q(-2). Is x(w) prime?
True
Let i be (18 - 12)*(-1 + -225). Let r = i + 1955. Is r a composite number?
False
Let p(i) = -2*i**2 - 6*i - 4. Let k be p(-5). Let g = 359 - k. Suppose g = -5*w + 15568. Is w a prime number?
True
Let b(o) = -o**3 + 37*o**2 + 22*o + 34. Let k be b(37). Let c = 1669 - k. Is c composite?
False
Suppose 5*v + 10 = 0, 144276 = -7*c - 4*v + 532061. Is c a composite number?
False
Suppose -55*t = -38*t + 1700. Suppose -2*n - 3*n - 115 = 0. Let q = n - t. Is q a composite number?
True
Is ((120278/6)/((-320)/384))/(2/(-5)) a composite number?
False
Let s(a) = -3*a**3 + 22*a**2 - 57*a - 83. Is s(-14) a composite number?
False
Suppose -5*i + t + 8 = 0, 0 = 2*i - 3*t - 0 + 2. Suppose 0 = -4*o + i*y + 10, o + 2*y = -o + 8. Suppose 169 = f - 4*z, 0*f - 462 = -3*f + o*z. Is f composite?
False
Let j = 5777 - -16. Suppose 2*k - j = -4*g + 8449, 4*g + 16 = 0. Is k composite?
False
Let j = 40190 - 24505. Is j composite?
True
Suppose 1185615 = 126*v - 764925 + 349458. Is v composite?
True
Suppose 19*a - 2863296 + 213528 = -5*a. Is a a composite number?
True
Let b = 15646 + -6698. Suppose -4*j + 2 + 14 = 0, 2*j - b = 3*f. Is f/30*(-6)/4 a prime number?
True
Suppose 6*g = -9*g - 45420. Is (-1)/(-2 - g/1516) a prime number?
True
Let z(l) = -l**2 + 14*l - 22. Let p be z(10). Let h be (-5)/30 + 23619/p + -1. Suppose h = -3*q + 3558. Is q a composite number?
True
Suppose 2*m - 27671 = -5*m. Let k(l) = 92*l - 30. Let c be k(4). Let p = m + c. Is p composite?
True
Suppose 5*g = -4*d - 34, -31 - 1 = 5*d + g. Is d/(-4) + -85*2038/(-20) composite?
False
Let l(a) = 4000*a**3 + 22*a**2 - 5*a - 2. Is l(3) a prime number?
False
Let g be 0 + (1 + 5)/2. Let k be (-1206)/938*7/(-3). Suppose 5*l - 561 = -m, -g*m - k*l + 1611 = -6*l. Is m a prime number?
True
Suppose -47*z - 12*z - 23*z = -21996746. Is z prime?
True
Suppose 32*l - 506869 = -90581. Is l composite?
False
Suppose 0 = 3*o - 4 - 5. Suppose -2*j + j + x = -24, -o*x = 2*j - 38. Suppose j*i = 20*i + 830. Is i composite?
True
Let t = 1117 - 635. Let m = t - -1173. Is m a prime number?
False
Let u = 21427 - -2362. Is u a prime number?
True
Let g = 17044 + 29629. Is g prime?
False
Suppose -3*x + 5*d + 724 = -3204, 0 = -x - 2*d + 1291. Suppose -6391 - x = -2*w - 2*m, 19225 = 5*w + 4*m. Is w a composite number?
True
Let x be -6 + 6 + 0 + -2 + 5. Suppose -i + 21487 = 13*y - 11*y, -x*i + 2*y + 64453 = 0. Is i a composite number?
True
Is 3/(-9*(-2)/3 - 73054953/12175861) a prime number?
True
Let c be 70/1 + 9 + -10. Suppose -4*f - c - 259 = 0. Let x = f - -169. Is x composite?
True
Let j = -63 + 55. Let p be ((-6)/7)/(j/56). Suppose -p*q = -17979 - 2763. Is q a prime number?
True
Suppose 0 = t + 5*n - 86339, 4*n + 431637 = -2*t + 7*t. Is t a prime number?
False
Let s(g) = g**3 - g**2 - g + 3. Let a be s(0). Suppose 2*t + 10 = -2*f, 19 = t - 6*t - a*f. Is (-23868)/(-20) - t/(-5) a composite number?
False
Suppose 2*m + 2*m - a = 1106, 0 = 2*a + 4. Suppose 0 = q - 4*w - 2369 + m, 2*q = 2*w + 4168. Is q a composite number?
False
Let q(r) = -165*r - 378. Let t be q(-40). Suppose -4 = s, 25*l - 27*l = 4*s - t. Is l a composite number?
False
Let b(h) = -6*h + 141. Let x be b(16). Is -5*111/x*12/(-2) prime?
False
Let a(r) = -14*r**3 - 7*r**2 - 60*r - 656. Is a(-13) composite?
True
Is 1676/16*-409*(-2 - 8/4) a composite number?
True
Let q(y) = -4878*y**2 + 7*y - 24. Let s be q(4). Let z = -51003 - s. Is z a composite number?
True
Let k(x) = 331*x + 358. Is k(85) a prime number?
True
Suppose -29*h + 15 = -24*h. Suppose -1515 = -5*d - i, -h*d + 11*i - 10*i + 901 = 0. Is d a prime number?
False
Suppose -4*w - 2679 = -d, 3*d - 10498 = -3*w - 2386. Let q = d - -1130. Is q prime?
False
Suppose 15*i = 1096064 - 209461 + 3948902. Is i a composite number?
True
Let z(u) = -u**2 - 5*u + 3. Let g be z(-5). Suppose g*n - 706 = 4*q, 4*n + 0 = 8. Let i = -78 - q. Is i prime?
True
Let w(t) = -11*t**2 + 59*t - 16. Let z be w(5). Suppose 6103 = z*m - 3981. Is m composite?
False
Let r = -8803 - -1201. Let y = 17093 + r. Is y a prime number?
True
Let u = 88 - -12. Let i = -38 + u. Is i a prime number?
False
Suppose -463 = 5*j - 178. Let a be (j + -6)/((-2)/74). Suppose -2*t - 3*t = w - a, 3*t - 1381 = -5*w. Is t composite?
False
Is 108935*(-8)/10*(-12)/48 a prime number?
True
Let v(o) = -38556*o + 2509. Is v(-2) prime?
True
Let b be 173*-31 - ((2 - -1) + 0). Let k = -1095 - b. Is k a composite number?
False
Let q be ((-8)/(-5))/((-10)/25). Let u(a) = 40*a**3 - 6*a**2 + 4*a - 1. Let p(j) = 41*j**3 - 5*j**2 + 4*j. Let c(m) = q*p(m) + 3*u(m). Is c(-4) prime?
True
Is 24/2052*-9 + (-3332186)/(-38) prime?
False
Let p(w) = 89*w**2 - 16*w + 9. Let b be p(-5). Suppose 7*d - b = 5*d - 3*u, -3*d - 3*u + 3471 = 0. Is d a composite number?
True
Let z(d) = -15*d**3 - 12*d**2 - 14*d - 5. Let y(p) = 14*p + 356. Let o be y(-26). Is z(o) prime?
True
Suppose 206*t + 208*t + 5296279 = 437*t. Is t a prime number?
True
Suppose 2*c + 4110 = 2*v - 0*c, 2*v - 3*c = 4108. Suppose 532*k + v = 543*k. Is k prime?
False
Suppose 2*l - 2*q - 3*q + 58 = 0, q + 70 = -3*l. Let c(r) = 14*r - 59. Let n be c(l). Let v = n - -1161. Is v a prime number?
False
Let n = -11 + 13. Suppose 5*k - n*t - 16474 = -0*t, 2*k + t = 6586. Suppose -6*y + k = 420. Is y composite?
False
Let y be -8 + 2556 + 10 + -4. Suppose 29*c + y = 30*c. Is c a prime number?
False
Let r be (-29)/(-2) - (-3 - (-21)/14). Suppose -r*i + 233217 = -7*i. Is i a composite number?
False
Let d = 20 + -9. Let o(l) = l**3 - 10*l**2 - 11*l + 7. Let g be o(d). Is (4/(-4) - -1) + g a prime number?
True
Is 61945 - (139 - -5)/24 composite?
True
Suppose 47*j + 3856194 - 11390717 = 0. Is j composite?
False
Suppose -3*f = 4*n - 36371, 18150 = 2*n + f - 37. Let i = n - -9224. Is i a composite number?
True
Suppose 4*g - 3*s + 8*s = 148, -3*g = 4*s - 112. Suppose -3*d - 6*h = -h - 24, -2*h = -4*d + g. Let q(f) = 2*f**2 + 3*f + 39. Is q(d) composite?
False
Let h(x) = -x**2 + 17*x. Let w be h(17). Suppose w*u = u - 2092. Suppose 5*d - 5*r = 5235, -2*d + 2*r + r = -u. Is d prime?
True
Let c = -21374 + 45543. Is c composite?
False
Is 57/456 - (-579189)/24 composite?
False
Let t = -5875 - -14454. Is t prime?
False
Let j(o) = -335*o - 6 + 2 + 1 + 9. Is j(-1) a composite number?
True
Suppose 3*o - c - 11 = 5*o, -2*c - 6 = 0. Is 703 - (o/(-10))/((-6)/(-30)) a composite number?
False
Is 1/(-3 - 73066/(-24355)) a composite number?
True
Let b = -2649428 - -7635963. Is b prime?
False
Suppose 8*l = -4*l - 2304. Let z = -370 - l. Let f = z + 471. Is f a composite number?
False
Suppose -2*t = -2*u - 123676, -5*u = -5*t - 6*u + 309184. Is t prime?
True
Suppose -z = -5*d + 816447, -3*d + 74076 = z - 415789. Is d prime?
False
Let q = -693039 + 1021130. Is q composite?
True
Let z(n) = -n**2 + 5*n + 12. Let y be z(6). Let w(k) = -3*k**2 + 10*k - 22. Let o be w(y). Is (-2)/(-5) - -12666*(-7)/o prime?
Fa